- 15. Give x(5).
-545
Let t(c) = -c**3 - 104*c**2 + 1741*c + 683. Determine t(15).
23
Let s(j) = 528*j + 20680. Give s(-39).
88
Let o(w) = 5*w**2 + 540*w - 43830. Determine o(-162).
-90
Let w(a) = -a**2 - 558*a - 1657. Give w(-3).
8
Let g(v) = -15*v**2 - 611*v + 26390. Determine g(-67).
-8
Let i(g) = -g**2 + 8507*g - 67992. What is i(8)?
0
Let g(h) = 37613*h + 488989. Calculate g(-13).
20
Let p(o) = o**3 + 155*o**2 + 4109*o - 165. Calculate p(-34).
5
Let s(i) = -15*i**2 + 130*i - 346. Determine s(12).
-946
Let r(p) = 2415*p + 690645. What is r(-286)?
-45
Let q(l) = 19*l**2 - 820*l + 56. Calculate q(42).
-868
Let t(x) = 3*x**2 - 188*x - 33. Calculate t(39).
-2802
Let d(y) = -535*y**2 + 8016*y + 140. What is d(15)?
5
Let f(h) = -3*h**3 - 71*h**2 + 58*h + 401. Determine f(-2).
25
Let f(q) = 3*q**2 + 2432*q - 416820. Calculate f(-956).
-4
Let h(b) = -83*b**2 + 17845*b + 345. Give h(215).
345
Let o(q) = -2*q**3 - 169*q**2 - 1425*q + 171. Calculate o(-75).
171
Let r(w) = 620*w + 206814. Calculate r(-335).
-886
Let k(x) = -x**3 - 10*x**2 + 2546*x + 25719. What is k(-10)?
259
Let f(a) = 2*a**2 + 7414*a - 171523. Calculate f(23).
57
Let y(k) = -2*k**3 + 46*k**2 - 90*k + 271. Calculate y(21).
145
Let b(c) = -48*c**2 + 1140*c - 82. What is b(24)?
-370
Let k(h) = -19202*h - 132936. Give k(-7).
1478
Let j(d) = 9*d**2 - 22*d + 54. Give j(7).
341
Let n(p) = 2*p**3 - 6*p**2 - 14*p + 219. What is n(0)?
219
Let k(q) = -3*q**3 + 29*q**2 - 111*q + 1486. Calculate k(13).
-1647
Let u(l) = -l**2 - 908*l + 852728. Determine u(575).
3
Let h(j) = j**2 - 3316*j + 432475. Determine h(136).
-5
Let k(i) = -733*i + 34629. What is k(44)?
2377
Let c(t) = -t**3 - 93*t**2 - 23*t - 20262. Determine c(-95).
-27
Let p(h) = -1485*h**2 - 2679*h - 5. Calculate p(-2).
-587
Let n(w) = 11*w**2 - 84*w - 384. What is n(-4)?
128
Let h(b) = -5810*b - 204084. Give h(-35).
-734
Let q(w) = -w**3 - 16*w**2 + 11*w - 497. Calculate q(-15).
-887
Let v(t) = -t**3 - 902*t**2 + 10*t + 9016. Determine v(-902).
-4
Let o(t) = 3419*t + 133295. Calculate o(-39).
-46
Let s(b) = 3132*b + 275650. Determine s(-88).
34
Let o(a) = -2*a**3 + 14*a**2 - 254*a + 3469. What is o(12)?
-1019
Let p(z) = -599*z - 64083. Determine p(-107).
10
Let t(q) = 306*q - 49107. Determine t(161).
159
Let z(p) = p**3 + 92*p**2 + 1591*p + 92. What is z(-23)?
0
Let z(m) = -m**3 + 13*m**2 - 2211*m + 19543. Give z(9).
-32
Let t(i) = 1331*i - 221040. Give t(166).
-94
Let u(y) = 3159*y**2 - 3101*y - 33. What is u(1)?
25
Let d(q) = q**3 + 6*q**2 - 301*q - 34. Calculate d(-21).
-328
Let l(r) = -r**3 + 68*r**2 - 1101*r - 1904. Give l(35).
-14
Let c(n) = 18*n**3 + 2*n**2 - 38*n + 79. Determine c(2).
155
Let l(r) = -83*r - 2240. Give l(-23).
-331
Let z(m) = -m**3 - 32*m**2 + 1120*m + 363. Give z(-53).
-8
Let j(v) = 15*v**3 + 271*v**2 + 55*v + 672. Calculate j(-18).
6
Let j(r) = -r**3 + 32*r**2 + 608*r - 18964. Give j(33).
11
Let h(p) = 3*p**3 - 23*p**2 + 51*p - 23. What is h(4)?
5
Let z(r) = -3275*r - 1480497. What is z(-452)?
-197
Let n(z) = -30*z**3 - 120*z**2 + 2291*z + 125. Calculate n(7).
-8
Let i(r) = -89*r + 26268. Determine i(295).
13
Let u(w) = -4*w**3 + 1212*w**2 - 313*w + 94855. Give u(303).
16
Let j(x) = -41*x**2 + 10921*x + 6902. Calculate j(267).
-40
Let i(k) = 3*k**2 - 84*k - 264. Determine i(-3).
15
Let s(l) = -2*l**3 - 24*l**2 + 95*l + 501. Determine s(-14).
-45
Let h(p) = p**3 - 143*p**2 - 1142*p - 9963. Calculate h(151).
3
Let h(z) = -882*z + 348393. Calculate h(395).
3
Let z(f) = 3915*f + 109614. Determine z(-28).
-6
Let j(o) = -19*o**2 - 12143*o - 13272. Calculate j(-638).
126
Let v(b) = -232*b**3 - 3016*b**2 - 6*b - 134. Give v(-13).
-56
Let p(r) = -2725*r - 13411. What is p(-3)?
-5236
Let n(d) = -136868*d + 1642425. What is n(12)?
9
Let q(h) = 9*h**3 - 2238*h**2 - 16104*h + 23. Calculate q(-7).
2
Let f(d) = 2*d**2 + 7202*d + 652526. What is f(-93)?
38
Let u(s) = 665*s**2 - 49*s + 56. Calculate u(1).
672
Let k(z) = 4*z**3 - 257*z**2 - 485*z + 771. What is k(66)?
-747
Let a(r) = 2*r**3 - 505*r**2 - 2604*r + 207868. Calculate a(256).
-4
Let i(a) = 3*a**2 + 7399*a + 190339. Determine i(-26).
-7
Let s(c) = -13554*c - 2832786. Give s(-209).
0
Let v(b) = -319*b**2 - 2241*b - 76. Give v(-7).
-20
Let r(d) = 16619*d**2 - 99719*d + 33. Calculate r(6).
3
Let g(q) = -14*q**2 + 27*q + 4493. Calculate g(-17).
-12
Let j(h) = h**3 + 11*h**2 - 114*h - 16. Determine j(6).
-88
Let h(o) = 858*o - 17861. Give h(21).
157
Let r(i) = -13300*i - 39769. Give r(-3).
131
Let n(y) = -108872*y + 544359. Determine n(5).
-1
Let m(t) = 56*t + 10112. Calculate m(-159).
1208
Let r(b) = -1489*b**2 + 44*b - 50. Give r(1).
-1495
Let o(p) = 2*p**3 + 229*p**2 + 780*p + 329. Give o(-111).
-4
Let n(m) = 9*m**2 + 4543*m - 171177. What is n(-540)?
3
Let d(k) = -2786*k + 571106. Calculate d(205).
-24
Let f(m) = -4496*m + 782303. Give f(174).
-1
Let p(j) = 75314*j - 376433. What is p(5)?
137
Let o(r) = 4*r**2 + 970*r - 56841. Determine o(49).
293
Let z(k) = -k**3 + 134*k**2 + 319*k - 4405. Determine z(136).
1987
Let d(w) = 18*w**3 + w**2 - 694*w + 2765. Determine d(4).
1157
Let w(y) = -2971*y + 8921. Calculate w(3).
8
Let u(i) = -36*i + 178. Calculate u(1).
142
Let o(u) = 9170*u + 2585945. Give o(-282).
5
Let h(p) = 49*p**3 - 1277*p**2 - 143*p + 5748. Determine h(26).
2
Let r(h) = -4*h**3 - 29*h**2 + 3645*h + 11081. Determine r(-3).
-7
Let b(u) = -741*u - 5172. Calculate b(-7).
15
Let d(v) = -11671*v - 166. Calculate d(0).
-166
Let d(b) = -2*b**3 - 199*b**2 + 1779*b + 185925. Calculate d(-99).
3
Let o(u) = -3*u**2 + 53522*u - 1496268. Calculate o(28).
-4
Let g(o) = -12*o**2 - 279*o + 2352. Determine g(9).
-1131
Let l(i) = i**2 - 148*i + 143. Give l(146).
-149
Let p(w) = -w**3 - 224*w**2 - 965*w - 18716. Determine p(-220).
-16
Let g(n) = n**2 - 72*n - 2110. Give g(-22).
-42
Let z(c) = -6*c**2 + 162*c + 63. Give z(27).
63
Let v(x) = x**3 + 22*x**2 + 25*x + 928. Calculate v(-11).
1984
Let f(j) = -1111*j - 4874. What is f(-4)?
-430
Let w(q) = -23*q**2 + 6986*q - 46041. Determine w(297).
-6
Let s(m) = 14*m**2 + 3236*m - 2781. Calculate s(-232).
3
Let v(x) = 2*x**3 - 498*x**2 + 4313*x + 1680. Give v(240).
0
Let h(a) = 113*a**2 - 688*a - 687. Determine h(-1).
114
Let i(m) = 815*m - 250213. Give i(307).
-8
Let v(i) = 26879*i + 135206. Determine v(-5).
811
Let d(q) = 43778*q - 393933. Give d(9).
69
Let p(a) = -363150*a + 11983945. What is p(33)?
-5
Let t(p) = 6957*p + 4626403. Determine t(-665).
-2
Let x(u) = -3*u**3 + 338*u**2 - 58*u + 19321. Calculate x(113).
-2
Let t(j) = -111928*j + 111755. Calculate t(1).
-173
Let l(v) = 556*v - 7460. Give l(15).
880
Let v(q) = 6*q**2 - 327*q + 3067. Calculate v(12).
7
Let x(t) = 14788*t + 86184. What is x(-6)?
-2544
Let a(u) = -869*u + 497437. Determine a(572).
369
Let q(g) = g**3 + 19*g**2 - 110*g + 1017. What is q(-19)?
3107
Let z(a) = -3*a**3 + 366*a**2 - 395*a + 3886. Determine z(121).
14
Let a(c) = -2*c**3 + 107*c**2 + 553*c - 1750. Determine a(58).
48
Let x(j) = j**3 - 5*j**2 - 182*j + 1637. What is x(10)?
317
Let b(m) = m**3 - 21*m**2 + 966*m - 19643. Calculate b(20).
-723
Let s(c) = 1820*c + 8716. What is s(-5)?
-384
Let h(k) = -12*k**3 + 4*k**2 - 170*k + 332. Give h(2).
-88
Let s(o) = -4213*o + 151677. Give s(36).
9
Let v(a) = 1036*a + 348. Determine v(-1).
-688
Let p(h) = -122*h**2 + 1249*h - 290. Determine p(10).
0
Let d(h) = h**3 - 20*h**2 - 2558*h + 33104. What is d(13)?
-1333
Let a(l) = 9*l**2 - 282*l - 59394. Give a(-67).
-99
Let j(a) = 10916*a - 54546. Calculate j(5).
34
Let s(a) = -a**3 - 425*a**2 + 2329*a + 989840. What is s(-425)?
15
Let x(t) = -30839*t - 92468. Calculate x(-3).
49
Let i(p) = -p**3 - 77*p**2 + 697*p - 76. Give i(8).
60
Let k(w) = 107*w - 16299. Determine k(141).
-1212
Let y(n) = -3*n**3 + 49*n**2 - 747*n + 13287. Calculate y(17).
10
Let m(r) = r**3 - 40*r**2 - 231*r - 50. Give m(46).
2020
Let a(w) = -235*w - 9649. Give a(-39).
-484
Let b(x) = 822*x - 8162. What is b(11)?
880
Let r(x) = 4*x**2 - 271*x + 1951. What is r(8)?
39
Let m(d) = -13*d**3 + 14*d**2 + 89*d - 485. Give m(5).
-1315
Let x(l) = -l**3 + 28*l**2 + 649*l - 1391. What is x(2)?
11
Let o(r) = 161*r**3 - 864*r**2 + 11*r - 5. Give o(5).
-1425
Let j(y) = -7*y**2 + 1013*y - 4381. What is j(140)?
239
Let w(c) = -7648*c - 2959781. Determine